-208cf?
-208e1
In base 3, what is -201 - 201010100201?
-201010101102
In base 8, what is 3436 - -135320?
140756
In base 13, what is -3 + -1224562?
-1224565
In base 5, what is -2204222014 - -214?
-2204221300
In base 16, what is 6e - -d63e?
d6ac
In base 14, what is -24ba24 + -10c?
-24bb32
In base 10, what is -1 + 3402120?
3402119
In base 10, what is 50069009 - -2?
50069011
In base 9, what is -552052 - -84?
-551857
In base 14, what is 11b8 - -4590?
5768
In base 10, what is 252 - 2775517?
-2775265
In base 7, what is -266153011 + 1?
-266153010
In base 4, what is 3 - 32120130203?
-32120130200
In base 4, what is 21331321022 - -1?
21331321023
In base 11, what is -6 - -6948a2?
694897
In base 14, what is -13 + -366558?
-36656b
In base 10, what is -36118451 + 0?
-36118451
In base 13, what is -1ab5 + 12530?
10748
In base 2, what is -101 - 100111101001101110011000011?
-100111101001101110011001000
In base 7, what is -541 + 4133654?
4133113
In base 8, what is -4366506 - 1215?
-4367723
In base 16, what is 640 + 9109?
9749
In base 10, what is 32330804 - -11?
32330815
In base 15, what is 2e68a54 - 17?
2e68a3c
In base 10, what is -1637524 - 42?
-1637566
In base 11, what is -4 + 6172a62?
6172a59
In base 14, what is -8b7 + 163?
-754
In base 4, what is -21231003 + 113?
-21230230
In base 13, what is a + 12a2a8?
12a2b5
In base 3, what is -10 - -1020200000120011?
1020200000120001
In base 7, what is 3024566033 + -5?
3024566025
In base 9, what is 233806241 + 5?
233806246
In base 8, what is -460055 - 110?
-460165
In base 12, what is -244b7680 + 3?
-244b7679
In base 9, what is 4052422 + -105?
4052316
In base 8, what is 177556 - 5037?
172517
In base 6, what is -3304 - -13134?
5430
In base 11, what is a8034 + 1760?
a9794
In base 8, what is 3103442130 + 5?
3103442135
In base 2, what is -100001100111100001010 - 1100?
-100001100111100010110
In base 9, what is -3206 + 12657?
8451
In base 6, what is -24 - 433334150?
-433334214
In base 13, what is 21ab767 - 1?
21ab766
In base 7, what is -142 + -3123320?
-3123462
In base 14, what is -2 + -6637849?
-663784b
In base 6, what is 1105534 - 221244?
444250
In base 10, what is 74442 - -285?
74727
In base 5, what is 1 - -320140024413?
320140024414
In base 3, what is -10002 + 2002000020111?
2002000010102
In base 12, what is 106b05 + -12?
106ab3
In base 12, what is 26aa41 + 1bb?
26b040
In base 13, what is -285 + -36541?
-367c6
In base 15, what is 71 - -20bd7?
20c58
In base 3, what is 1122012020 + 1000110012?
2122122102
In base 5, what is -11443410 + 2242?
-11441113
In base 9, what is 75724062 + 1?
75724063
In base 7, what is 12040 + 1531?
13601
In base 15, what is -d709 - -21d?
-d4db
In base 11, what is 432923 - 6?
432918
In base 5, what is 4423442 + 2404?
4431401
In base 14, what is -c - 242d8c?
-242d9a
In base 3, what is 1112102102000 - 10201?
1112102021022
In base 16, what is -b8812a + -1?
-b8812b
In base 4, what is -1021 + 220212132300?
220212131213
In base 9, what is -17160 + 863?
-16186
In base 12, what is -5177057 + -1?
-5177058
In base 6, what is 4435 + -1210130?
-1201251
In base 2, what is -11001111000110110001010011100 - -101?
-11001111000110110001010010111
In base 10, what is 91706 + -13?
91693
In base 11, what is -12 + 194950?
194939
In base 11, what is 5a888193 + -4?
5a88818a
In base 3, what is 1002112201 - -11122?
1002201100
In base 2, what is -1010010101111110100001 - 10011?
-1010010101111110110100
In base 10, what is -10208 - -199?
-10009
In base 13, what is -864586 + -6?
-86458c
In base 8, what is 52567640 + -3?
52567635
In base 3, what is 10212100 - -201121110?
212110210
In base 11, what is -597709 + -160?
-597869
In base 8, what is -344244346 - 2?
-344244350
In base 14, what is -1d + 66684?
66665
In base 13, what is -14a09 - -36?
-149a3
In base 10, what is 5591457 + -40?
5591417
In base 9, what is 0 + -1688001?
-1688001
In base 4, what is 223133 + -2220130?
-1330331
In base 2, what is -1 - 1011100011110001010010101?
-1011100011110001010010110
In base 4, what is -1113222 + 130311?
-322311
In base 14, what is 12d70092 + -5?
12d7008b
In base 11, what is 347141 + 38?
347179
In base 2, what is -1010111000010101111101 - 11?
-1010111000010110000000
In base 4, what is -230113223 + 233331?
-223213232
In base 4, what is -2201 + -11301330?
-11310131
In base 8, what is 770 - 106024?
-105034
In base 11, what is a1468 - 17a7?
9a771
In base 5, what is -22241404 + 4333?
-22232021
In base 2, what is -101 + 100111101101101101000111110?
100111101101101101000111001
In base 3, what is -22101010 - -11?
-22100222
In base 16, what is -a36252 + 1?
-a36251
In base 11, what is 48842a - -20?
48844a
In base 10, what is 201 + -11899?
-11698
In base 2, what is -10110101000101 - -11010001111101?
11100111000
In base 10, what is 91106 + -132?
90974
In base 12, what is -a7a + -122894?
-123752
In base 4, what is 33 - 133020110220?
-133020110121
In base 6, what is -113 + 50303133?
50303020
In base 2, what is -111111000 - -10110101101010001?
10110100101011001
In base 9, what is -3611703 + 5?
-3611687
In base 4, what is 131020200 + -1022?
131013112
In base 6, what is -235 - -10541140?
10540501
In base 6, what is 22202430 - -11443?
22214313
In base 14, what is 122c0 - 3372?
cd4c
In base 4, what is -202313 + 122100203?
121231230
In base 7, what is -1631105301 - -5?
-1631105263
In base 3, what is -100 - -22202021111212?
22202021111112
In base 13, what is 1 + 6631b578?
6631b579
In base 2, what is -10 + 101100111000111001011000001?
101100111000111001010111111
In base 16, what is 4 + -2b337a9?
-2b337a5
In base 13, what is -9c50 - -31c?
-9931
In base 3, what is 11 + 2120221101011?
2120221101022
In base 7, what is -1335 + -403412?
-405050
In base 9, what is -10763 + -3006?
-13770
In base 10, what is -40070630 + -3?
-40070633
In base 8, what is -132274 - 1664?
-134160
In base 11, what is -256212aa - -21?
-25621289
In base 11, what is -362 - 10427?
-10789
In base 5, what is 40334 - 1210?
34124
In base 16, what is 2a0 + -6e2f?
-6b8f
In base 7, what is -1013 + -246631?
-250644
In base 8, what is 101006755 + 5?
101006762
In base 5, what is 1004431 + 240111?
1300042
In base 3, what is 2222202121022101 + -1?
2222202121022100
In base 4, what is 30 + -23300100?
-23300010
In base 11, what is -125562 - 3265?
-128817
In base 14, what is 0 + 2c008d?
2c008d
In base 7, what is 253620420 + 0?
253620420
In base 2, what is -10 - 10110110011000000111?
-10110110011000001001
In base 7, what is -153 - 23323634?
-23324120
In base 4, what is 23 + 121231122?
121231211
In base 14, what is ba + c14a2?
c157c
In base 16, what is 2 + 1c9e480?
1c9e482
In base 9, what is 5 - -12611544?
12611550
In base 5, what is 44330104 + 4?
44330113
In base 7, what is 64050511 - -2?
64050513
In base 14, what is 19c5db - -69?
19c666
In base 15, what is -1217ee + -3?
-121802
In base 10, what is -23146228 - 5?
-23146233
In base 4, what is -22011 - 320310020?
-320332031
In base 12, what is -2a6046 - 88?
-2a6112
In base 10, what is -5835 + -3131?
-8966
In base 13, what is 5 - 3516601c?
-35166017
In base 14, what is 21a016b + 40?
21a01ab
In base 11, what is 846 + 59a8?
6743
In base 15, what is -b2 + 870b?
8649
In base 2, what is -110101110011001000000 - 11101?
-110101110011001011101
In base 13, what is 406566 - 9?
40655a
In base 4, what is -20011023 - 1101201?
-21112230
In base 4, what is 210 - 21322313?
-21322103
In base 7, what is -6353020333 - -5?
-6353020325
In base 3, what is 211 + -221101121201100?
-221101121200112
In base 16, what is 59 - -11a75?
11ace
In base 8, what is -243035153 - 6?
-243035161
In base 14, what is 593 - 19ab0?
-1951b
In base 6, what is -21530 - 25120?
-51050
In base 5, what is 12102114433 + -102?
12102114331
In base 11, what is 3 - -a943637?
a94363a
In base 3, what is -1211002222021010 - 20?
-1211002222021100
In base 2, what is 1111010000001111110100 - 11010?
1111010000001111011010
In base 14, what is 61b21d - 1?
61b21c
In base 14, what is c58d94 + 20?
c58db4
In base 14, what is -4871c5 - -8c?
-487137
In base 14, what is 3ad1a8 - -3?
3ad1ab
In base 3, what is 1212112210010 + -10200?
1212112122110
In base 4, what is -1233032 + -13320?
-1313012
In base 16, what is 3ab3eb - -2?
3ab3ed
In base 16, what is 5 - 9d1509?
-9d1504
In base 2, what is 0 - -1010100111000110011111?
101010011100011001111